1617.
7, 11, 911
List the prime factors of 118529.
118529
List the prime factors of 433796.
2, 11, 9859
List the prime factors of 97849.
97849
List the prime factors of 590259.
3, 151, 1303
What are the prime factors of 18198610?
2, 5, 53, 34337
What are the prime factors of 3170134?
2, 11, 103, 1399
What are the prime factors of 33778?
2, 16889
List the prime factors of 249426.
2, 3, 31, 149
What are the prime factors of 983903?
443, 2221
What are the prime factors of 10519418?
2, 7, 13, 23, 359
List the prime factors of 556948.
2, 7, 19891
List the prime factors of 7001431.
7001431
List the prime factors of 970105.
5, 17, 101, 113
List the prime factors of 175285.
5, 11, 3187
List the prime factors of 65945.
5, 11, 109
List the prime factors of 29521721.
601, 49121
List the prime factors of 1440330.
2, 3, 5, 41, 1171
What are the prime factors of 379518?
2, 3, 43, 1471
List the prime factors of 6512723.
7, 930389
What are the prime factors of 6580220?
2, 5, 73, 4507
What are the prime factors of 4294702?
2, 2147351
What are the prime factors of 1589242?
2, 41, 19381
List the prime factors of 15382606.
2, 479, 16057
List the prime factors of 14366110.
2, 5, 11, 61, 2141
List the prime factors of 1229209.
1229209
What are the prime factors of 10437212?
2, 991, 2633
List the prime factors of 1053238.
2, 526619
List the prime factors of 52503.
3, 11, 37, 43
List the prime factors of 816009.
3, 272003
List the prime factors of 15384.
2, 3, 641
What are the prime factors of 10359836?
2, 197, 13147
What are the prime factors of 2909048?
2, 29, 12539
What are the prime factors of 8819144?
2, 1102393
What are the prime factors of 535783?
535783
What are the prime factors of 686211?
3, 228737
List the prime factors of 10008705.
3, 5, 7, 199, 479
List the prime factors of 4754634.
2, 3, 139, 5701
List the prime factors of 5912569.
13, 41, 11093
What are the prime factors of 415110?
2, 3, 5, 101, 137
List the prime factors of 340476.
2, 3, 17, 1669
List the prime factors of 901859.
7, 128837
What are the prime factors of 323130?
2, 3, 5, 10771
What are the prime factors of 1274140?
2, 5, 7, 19, 479
List the prime factors of 934786.
2, 29, 71, 227
What are the prime factors of 187138?
2, 7, 13367
What are the prime factors of 1388207?
131, 10597
List the prime factors of 2269826.
2, 13, 67, 1303
What are the prime factors of 6485337?
3, 61, 11813
List the prime factors of 642031.
13, 29, 131
List the prime factors of 760726.
2, 380363
What are the prime factors of 616118?
2, 179, 1721
What are the prime factors of 3383524?
2, 845881
List the prime factors of 2347133.
47, 49939
What are the prime factors of 80177?
80177
What are the prime factors of 464624?
2, 71, 409
List the prime factors of 658763.
7, 94109
What are the prime factors of 1085773?
13, 17
List the prime factors of 39881773.
39881773
What are the prime factors of 292380?
2, 3, 5, 11, 443
List the prime factors of 10225356.
2, 3, 283, 3011
List the prime factors of 317136.
2, 3, 6607
List the prime factors of 1786435.
5, 7, 43, 1187
What are the prime factors of 1099017?
3, 19, 6427
What are the prime factors of 4455458?
2, 7, 318247
List the prime factors of 1681220.
2, 5, 84061
What are the prime factors of 213140?
2, 5, 10657
What are the prime factors of 147796?
2, 11, 3359
List the prime factors of 175031.
383, 457
List the prime factors of 232127.
7, 33161
What are the prime factors of 269748?
2, 3, 59, 127
List the prime factors of 34437022.
2, 2053, 8387
List the prime factors of 119678.
2, 13, 4603
What are the prime factors of 95982?
2, 3, 17, 941
What are the prime factors of 563144?
2, 70393
What are the prime factors of 6296550?
2, 3, 5, 13, 3229
List the prime factors of 970738.
2, 23, 47, 449
List the prime factors of 9784011.
3, 3261337
What are the prime factors of 282760?
2, 5, 7069
List the prime factors of 149399.
149399
What are the prime factors of 544738?
2, 272369
What are the prime factors of 736182?
2, 3, 13633
List the prime factors of 7339575.
3, 5, 97861
List the prime factors of 4936919.
13, 17, 89, 251
List the prime factors of 546837.
3, 182279
List the prime factors of 2065624.
2, 11, 23473
What are the prime factors of 1006419?
3, 335473
List the prime factors of 347642.
2, 101, 1721
What are the prime factors of 656412?
2, 3, 19, 2879
List the prime factors of 464629.
11, 42239
List the prime factors of 730442.
2, 521, 701
List the prime factors of 7087193.
67, 139, 761
List the prime factors of 665232.
2, 3, 13859
What are the prime factors of 7988634?
2, 3, 347, 1279
List the prime factors of 630833.
7, 227, 397
List the prime factors of 12813469.
47, 227, 1201
List the prime factors of 2222476.
2, 191, 2909
What are the prime factors of 8366465?
5, 17, 98429
List the prime factors of 103831.
7, 13, 163
List the prime factors of 6611687.
1613, 4099
What are the prime factors of 3462635?
5, 11, 157, 401
What are the prime factors of 968753?
19, 67, 761
List the prime factors of 1262164.
2, 97, 3253
List the prime factors of 2421410.
2, 5, 31, 73, 107
List the prime factors of 17312365.
5, 7, 494639
What are the prime factors of 720781?
31, 23251
What are the prime factors of 1161668?
2, 83, 3499
List the prime factors of 3556286.
2, 263, 6761
What are the prime factors of 38526?
2, 3, 6421
List the prime factors of 15208.
2, 1901
List the prime factors of 7831584.
2, 3, 71, 383
What are the prime factors of 283801?
7, 40543
List the prime factors of 2759.
31, 89
What are the prime factors of 2163424?
2, 67607
What are the prime factors of 664124?
2, 166031
What are the prime factors of 124034?
2, 62017
What are the prime factors of 411594?
2, 3, 181, 379
What are the prime factors of 318447?
3, 41, 863
What are the prime factors of 5229633?
3, 181, 9631
What are the prime factors of 341015?
5, 241, 283
What are the prime factors of 590378?
2, 211, 1399
What are the prime factors of 44062?
2, 22031
List the prime factors of 121990.
2, 5, 11, 1109
List the prime factors of 270041.
31, 281
What are the prime factors of 237409?
237409
List the prime factors of 441204.
2, 3, 36767
List the prime factors of 2099654.
2, 1049827
What are the prime factors of 16487?
16487
List the prime factors of 327140.
2, 5, 11, 1487
What are the prime factors of 6755427?
3, 7, 31, 1153
List the prime factors of 35937.
3, 11
What are the prime factors of 14366804?
2, 37, 97073
What are the prime factors of 264951?
3, 3271
What are the prime factors of 6323194?
2, 31, 101987
List the prime factors of 58970.
2, 5, 5897
List the prime factors of 180508.
2, 45127
List the prime factors of 135114.
2, 3, 7, 3217
List the prime factors of 6115039.
7, 167, 5231
List the prime factors of 1555644.
2, 3, 19, 6823
List the prime factors of 1000221.
3, 37, 9011
List the prime factors of 698283.
3, 77587
List the prime factors of 1521550.
2, 5, 30431
List the prime factors of 331590.
2, 3, 5, 7, 1579
List the prime factors of 209859.
3, 13, 5381
List the prime factors of 27087.
3, 9029
What are the prime factors of 15377230?
2, 5, 11, 43, 3251
List the prime factors of 157808.
2, 7, 1409
What are the prime factors of 148744?
2, 18593
What are the prime factors of 15620278?
2, 7810139
What are the prime factors of 2665054?
2, 7, 19, 43, 233
What are the prime factors of 891530?
2, 5, 89153
List the prime factors of 301287.
3, 7, 14347
List the prime factors of 111077.
277, 401
What are the prime factors of 221765?
5, 17, 2609
What are the prime factors of 1422055?
5, 19, 14969
What are the prime factors of 2984777?
2984777
List the prime factors of 4114270.
2, 5, 467, 881
List the prime factors of 9636454.
2, 379, 12713
What are the prime factors of 13585153?
13585153
List the prime factors of 376483.
376483
List the prime factors of 2312703.
3, 256967
List the prime factors of 1616950.
2, 5, 73, 443
List the prime factors of 392676.
2, 3, 43, 761
List the prime factors of 395815.
5, 7, 43, 263
What are the prime factors of 1303652?
2, 7, 46559
What are the prime factors of 3501323?
7, 223, 2243
What are the prime factors of 4702068?
2, 3, 7, 47, 397
What are the prime factors of 516234?
2, 3, 97, 887
What are the prime factors of 621950?
2, 5, 7, 1777
What are the prime factors of 35563